
What is the remainder when 6569 is divided by 111?
20
What is the remainder when 2234 is divided by 276?
26
What is the remainder when 853023 is divided by 630?
3
What is the remainder when 27634 is divided by 24?
10
Calculate the remainder when 17191 is divided by 1322.
5
What is the remainder when 12515 is divided by 6?
5
Calculate the remainder when 1550520 is divided by 1079.
1076
Calculate the remainder when 1528796 is divided by 156.
152
What is the remainder when 1944 is divided by 448?
152
What is the remainder when 197529 is divided by 98752?
25
Calculate the remainder when 5168 is divided by 712.
184
What is the remainder when 3424 is divided by 67?
7
Calculate the remainder when 1423 is divided by 762.
661
What is the remainder when 5693 is divided by 633?
629
Calculate the remainder when 34316 is divided by 6860.
16
Calculate the remainder when 29868 is divided by 5930.
218
What is the remainder when 73206 is divided by 327?
285
Calculate the remainder when 32397 is divided by 100.
97
What is the remainder when 6765 is divided by 173?
18
Calculate the remainder when 15367 is divided by 2557.
25
What is the remainder when 455437 is divided by 941?
934
What is the remainder when 2134 is divided by 223?
127
What is the remainder when 30144 is divided by 15?
9
What is the remainder when 588 is divided by 85?
78
Calculate the remainder when 10423 is divided by 42.
7
What is the remainder when 191 is divided by 14?
9
Calculate the remainder when 1069 is divided by 30.
19
Calculate the remainder when 57030 is divided by 294.
288
Calculate the remainder when 1230525 is divided by 32382.
9
What is the remainder when 828 is divided by 21?
9
Calculate the remainder when 70212 is divided by 888.
60
Calculate the remainder when 99379 is divided by 91.
7
Calculate the remainder when 513841 is divided by 2839.
2821
Calculate the remainder when 8976 is divided by 598.
6
Calculate the remainder when 19710 is divided by 6568.
6
Calculate the remainder when 1664 is divided by 743.
178
Calculate the remainder when 44090 is divided by 164.
138
What is the remainder when 31335 is divided by 532?
479
What is the remainder when 12480 is divided by 7?
6
Calculate the remainder when 5352 is divided by 888.
24
What is the remainder when 9694 is divided by 66?
58
Calculate the remainder when 19277 is divided by 378.
377
What is the remainder when 11130 is divided by 1833?
132
What is the remainder when 19007 is divided by 27?
26
Calculate the remainder when 45774 is divided by 16.
14
Calculate the remainder when 80749 is divided by 7312.
317
What is the remainder when 4212 is divided by 386?
352
What is the remainder when 65465 is divided by 13086?
35
Calculate the remainder when 7344 is divided by 1219.
30
Calculate the remainder when 11235 is divided by 11185.
50
Calculate the remainder when 65847 is divided by 50.
47
Calculate the remainder when 763 is divided by 172.
75
Calculate the remainder when 11304 is divided by 1883.
6
What is the remainder when 1986 is divided by 969?
48
What is the remainder when 173757 is divided by 480?
477
Calculate the remainder when 7093 is divided by 136.
21
Calculate the remainder when 2708 is divided by 408.
260
Calculate the remainder when 24699 is divided by 135.
129
Calculate the remainder when 1569 is divided by 107.
71
Calculate the remainder when 1312516 is divided by 93.
7
What is the remainder when 15272 is divided by 1908?
8
Calculate the remainder when 22842 is divided by 815.
22
What is the remainder when 31201 is divided by 5?
1
What is the remainder when 1089 is divided by 1024?
65
Calculate the remainder when 158305 is divided by 851.
19
Calculate the remainder when 43099 is divided by 14361.
16
What is the remainder when 34 is divided by 9?
7
What is the remainder when 26711 is divided by 63?
62
Calculate the remainder when 8301 is divided by 8278.
23
What is the remainder when 51742 is divided by 84?
82
What is the remainder when 12227 is divided by 10?
7
Calculate the remainder when 19289 is divided by 350.
39
What is the remainder when 66515 is divided by 14?
1
What is the remainder when 2472050 is divided by 19?
17
What is the remainder when 2633 is divided by 1582?
1051
Calculate the remainder when 5345443 is divided by 105.
103
Calculate the remainder when 27511 is divided by 4567.
109
What is the remainder when 98245 is divided by 230?
35
What is the remainder when 6799 is divided by 189?
184
Calculate the remainder when 115489 is divided by 49.
45
What is the remainder when 12843 is divided by 36?
27
Calculate the remainder when 6637 is divided by 265.
12
Calculate the remainder when 2492313 is divided by 188.
185
Calculate the remainder when 22556 is divided by 664.
644
Calculate the remainder when 1466870 is divided by 158.
156
What is the remainder when 31076 is divided by 80?
36
What is the remainder when 12385 is divided by 31?
16
Calculate the remainder when 2981 is divided by 379.
328
What is the remainder when 1964 is divided by 117?
92
Calculate the remainder when 5820 is divided by 319.
78
What is the remainder when 106584 is divided by 8872?
120
Calculate the remainder when 3082 is divided by 608.
42
Calculate the remainder when 662365 is divided by 36797.
19
Calculate the remainder when 53224 is divided by 17738.
10
Calculate the remainder when 6233 is divided by 183.
11
What is the remainder when 5709 is divided by 88?
77
Calculate the remainder when 1178 is divided by 371.
65
Calculate the remainder when 314201 is divided by 22.
19
What is the remainder when 259622 is divided by 61?
6
What is the remainder when 706720 is divided by 1094?
1090
Calculate the remainder when 187620 is divided by 470.
90
Calculate the remainder when 5772 is divided by 214.
208
What is the remainder when 85330 is divided by 42658?
14
Calculate the remainder when 36999 is divided by 220.
39
What is the remainder when 14775 is divided by 59?
25
Calculate the remainder when 92161 is divided by 46059.
43
Calculate the remainder when 1246 is divided by 420.
406
What is the remainder when 21795 is divided by 752?
739
Calculate the remainder when 10432 is divided by 991.
522
What is the remainder when 13675 is divided by 24?
19
Calculate the remainder when 57056 is divided by 906.
884
Calculate the remainder when 10559 is divided by 5279.
1
Calculate the remainder when 11227 is divided by 75.
52
What is the remainder when 22000 is divided by 114?
112
Calculate the remainder when 634910 is divided by 110.
100
What is the remainder when 91453 is divided by 222?
211
What is the remainder when 222543 is divided by 87?
84
What is the remainder when 3897 is divided by 19?
2
Calculate the remainder when 80338 is divided by 5.
3
What is the remainder when 2239 is divided by 241?
70
Calculate the remainder when 1526 is divided by 1494.
32
Calculate the remainder when 30232 is divided by 10075.
7
What is the remainder when 2411 is divided by 345?
341
What is the remainder when 37534 is divided by 68?
66
Calculate the remainder when 1699 is divided by 231.
82
What is the remainder when 63766 is divided by 1181?
1173
Calculate the remainder when 2508 is divided by 172.
100
Calculate the remainder when 425118 is divided by 648.
30
Calculate the remainder when 1166 is divided by 142.
30
Calculate the remainder when 64166 is divided by 219.
218
What is the remainder when 48908 is divided by 162?
146
What is the remainder when 3278 is divided by 128?
78
What is the remainder when 10047 is divided by 49?
2
What is the remainder when 25975 is divided by 1855?
5
Calculate the remainder when 57440 is divided by 810.
740
What is the remainder when 9001 is divided by 98?
83
Calculate the remainder when 29923 is divided by 14961.
1
Calculate the remainder when 22282 is divided by 637.
624
Calculate the remainder when 1771 is divided by 71.
67
What is the remainder when 2766 is divided by 601?
362
What is the remainder when 11834 is divided by 3940?
14
What is the remainder when 6180 is divided by 6130?
50
What is the remainder when 2305 is divided by 788?
729
Calculate the remainder when 63567 is divided by 390.
387
Calculate the remainder when 513675 is divided by 35.
15
What is the remainder when 31435 is divided by 374?
19
Calcu